{"id":765,"date":"2017-10-17T09:55:54","date_gmt":"2017-10-17T09:55:54","guid":{"rendered":"http:\/\/www.aemarvao.pt\/site\/?page_id=765"},"modified":"2021-09-21T10:46:42","modified_gmt":"2021-09-21T10:46:42","slug":"avaliacao-externa-das-escolas","status":"publish","type":"page","link":"https:\/\/aemarvao.edu.gov.pt\/site\/documentos-estruturantes\/avaliacao-externa-das-escolas\/","title":{"rendered":"Avalia\u00e7\u00e3o Externa das Escolas"},"content":{"rendered":"<p style=\"text-align: justify;\"><a href=\"https:\/\/aemarvao.edu.gov.pt\/site\/wp-content\/uploads\/2017\/10\/AEE_Relat\u00f3rio_AE_Marv\u00e3o.pdf\" target=\"_blank\" rel=\"noopener noreferrer\">Relat\u00f3rio do Agrupamento de Escolas de Marv\u00e3o para consulta<\/a><\/p>\n<p style=\"text-align: justify;\">A Lei n.\u00ba 31\/2002, de 20 de dezembro, aprovou o sistema de avalia\u00e7\u00e3o dos estabelecimentos de educa\u00e7\u00e3o pr\u00e9-escolar e dos ensinos b\u00e1sico e secund\u00e1rio, definindo orienta\u00e7\u00f5es gerais para a autoavalia\u00e7\u00e3o e para a avalia\u00e7\u00e3o externa. Neste \u00e2mbito, foi desenvolvido, desde 2006, um programa nacional de avalia\u00e7\u00e3o dos jardins de inf\u00e2ncia e das escolas b\u00e1sicas e secund\u00e1rias p\u00fablicas, tendo-se cumprido o primeiro ciclo de avalia\u00e7\u00e3o em junho de 2011.<\/p>\n<p style=\"text-align: justify;\">\n","protected":false},"excerpt":{"rendered":"<p>Relat\u00f3rio do Agrupamento de Escolas de Marv\u00e3o para consulta A Lei n.\u00ba 31\/2002, de 20 de dezembro, aprovou o sistema de avalia\u00e7\u00e3o dos estabelecimentos de educa\u00e7\u00e3o pr\u00e9-escolar e dos ensinos b\u00e1sico e secund\u00e1rio, definindo orienta\u00e7\u00f5es gerais para a autoavalia\u00e7\u00e3o e para a avalia\u00e7\u00e3o externa. Neste \u00e2mbito, foi desenvolvido, desde 2006, um programa nacional de avalia\u00e7\u00e3o &hellip; <\/p>\n<p class=\"link-more\"><a href=\"https:\/\/aemarvao.edu.gov.pt\/site\/documentos-estruturantes\/avaliacao-externa-das-escolas\/\" class=\"more-link\">Continuar a ler <span class=\"screen-reader-text\">&#8220;Avalia\u00e7\u00e3o Externa das Escolas&#8221;<\/span><\/a><\/p>\n","protected":false},"author":1,"featured_media":0,"parent":165,"menu_order":0,"comment_status":"closed","ping_status":"closed","template":"","meta":[],"_links":{"self":[{"href":"https:\/\/aemarvao.edu.gov.pt\/site\/wp-json\/wp\/v2\/pages\/765"}],"collection":[{"href":"https:\/\/aemarvao.edu.gov.pt\/site\/wp-json\/wp\/v2\/pages"}],"about":[{"href":"https:\/\/aemarvao.edu.gov.pt\/site\/wp-json\/wp\/v2\/types\/page"}],"author":[{"embeddable":true,"href":"https:\/\/aemarvao.edu.gov.pt\/site\/wp-json\/wp\/v2\/users\/1"}],"replies":[{"embeddable":true,"href":"https:\/\/aemarvao.edu.gov.pt\/site\/wp-json\/wp\/v2\/comments?post=765"}],"version-history":[{"count":3,"href":"https:\/\/aemarvao.edu.gov.pt\/site\/wp-json\/wp\/v2\/pages\/765\/revisions"}],"predecessor-version":[{"id":3129,"href":"https:\/\/aemarvao.edu.gov.pt\/site\/wp-json\/wp\/v2\/pages\/765\/revisions\/3129"}],"up":[{"embeddable":true,"href":"https:\/\/aemarvao.edu.gov.pt\/site\/wp-json\/wp\/v2\/pages\/165"}],"wp:attachment":[{"href":"https:\/\/aemarvao.edu.gov.pt\/site\/wp-json\/wp\/v2\/media?parent=765"}],"curies":[{"name":"wp","href":"https:\/\/api.w.org\/{rel}","templated":true}]}}

Avaliação Externa das Escolas

<p style="text-align: justify;"><a href="https://aemarvao.edu.gov.pt/site/wp-content/uploads/2017/10/AEE_Relatório_AE_Marvão.pdf" target="_blank" rel="noopener noreferrer">Relatório do Agrupamento de Escolas de Marvão para consulta</a></p>
<p style="text-align: justify;">A Lei n.º 31/2002, de 20 de dezembro, aprovou o sistema de avaliação dos estabelecimentos de educação pré-escolar e dos ensinos básico e secundário, definindo orientações gerais para a autoavaliação e para a avaliação externa. Neste âmbito, foi desenvolvido, desde 2006, um programa nacional de avaliação dos jardins de infância e das escolas básicas e secundárias públicas, tendo-se cumprido o primeiro ciclo de avaliação em junho de 2011.</p>
<p style="text-align: justify;">

<p>Relatório do Agrupamento de Escolas de Marvão para consulta A Lei n.º 31/2002, de 20 de dezembro, aprovou o sistema de avaliação dos estabelecimentos de educação pré-escolar e dos ensinos básico e secundário, definindo orientações gerais para a autoavaliação e para a avaliação externa. Neste âmbito, foi desenvolvido, desde 2006, um programa nacional de avaliação &hellip; </p>
<p class="link-more"><a href="https://aemarvao.edu.gov.pt/site/documentos-estruturantes/avaliacao-externa-das-escolas/" class="more-link">Continuar a ler <span class="screen-reader-text">&#8220;Avaliação Externa das Escolas&#8221;</span></a></p>
