{"id":5762,"date":"2026-04-28T14:50:32","date_gmt":"2026-04-28T14:50:32","guid":{"rendered":"https:\/\/aemarvao.edu.gov.pt\/site\/?page_id=5762"},"modified":"2026-04-28T14:55:50","modified_gmt":"2026-04-28T14:55:50","slug":"moda","status":"publish","type":"page","link":"https:\/\/aemarvao.edu.gov.pt\/site\/alunosenc-educacao\/provas-2026\/moda\/","title":{"rendered":"ModA 1\u00ba\/2\u00ba Ciclos"},"content":{"rendered":"<p style=\"text-align: center;\"><strong>Calendariza\u00e7\u00e3o da Realiza\u00e7\u00e3o das Provas<\/strong><br \/>\n<strong>Ano Letivo 2025\/2026<\/strong><\/p>\n<p style=\"text-align: center;\">ModA DOS 1\u00ba e 2\u00ba CICLOS <img loading=\"lazy\" class=\"wp-image-5756 aligncenter\" src=\"https:\/\/aemarvao.edu.gov.pt\/site\/wp-content\/uploads\/2026\/04\/Calendarizacao-Provas-ModA-25_26_pages-to-jpg-0001-212x300.jpg\" alt=\"\" width=\"580\" height=\"821\" srcset=\"https:\/\/aemarvao.edu.gov.pt\/site\/wp-content\/uploads\/2026\/04\/Calendarizacao-Provas-ModA-25_26_pages-to-jpg-0001-212x300.jpg 212w, https:\/\/aemarvao.edu.gov.pt\/site\/wp-content\/uploads\/2026\/04\/Calendarizacao-Provas-ModA-25_26_pages-to-jpg-0001-724x1024.jpg 724w, https:\/\/aemarvao.edu.gov.pt\/site\/wp-content\/uploads\/2026\/04\/Calendarizacao-Provas-ModA-25_26_pages-to-jpg-0001-768x1086.jpg 768w, https:\/\/aemarvao.edu.gov.pt\/site\/wp-content\/uploads\/2026\/04\/Calendarizacao-Provas-ModA-25_26_pages-to-jpg-0001-1086x1536.jpg 1086w, https:\/\/aemarvao.edu.gov.pt\/site\/wp-content\/uploads\/2026\/04\/Calendarizacao-Provas-ModA-25_26_pages-to-jpg-0001.jpg 1241w\" sizes=\"(max-width: 580px) 100vw, 580px\" \/><\/p>\n<p>&nbsp;<\/p>\n","protected":false},"excerpt":{"rendered":"<p>Calendariza\u00e7\u00e3o da Realiza\u00e7\u00e3o das Provas Ano Letivo 2025\/2026 ModA DOS 1\u00ba e 2\u00ba CICLOS &nbsp;<\/p>\n","protected":false},"author":1,"featured_media":0,"parent":5752,"menu_order":0,"comment_status":"closed","ping_status":"closed","template":"","meta":[],"_links":{"self":[{"href":"https:\/\/aemarvao.edu.gov.pt\/site\/wp-json\/wp\/v2\/pages\/5762"}],"collection":[{"href":"https:\/\/aemarvao.edu.gov.pt\/site\/wp-json\/wp\/v2\/pages"}],"about":[{"href":"https:\/\/aemarvao.edu.gov.pt\/site\/wp-json\/wp\/v2\/types\/page"}],"author":[{"embeddable":true,"href":"https:\/\/aemarvao.edu.gov.pt\/site\/wp-json\/wp\/v2\/users\/1"}],"replies":[{"embeddable":true,"href":"https:\/\/aemarvao.edu.gov.pt\/site\/wp-json\/wp\/v2\/comments?post=5762"}],"version-history":[{"count":2,"href":"https:\/\/aemarvao.edu.gov.pt\/site\/wp-json\/wp\/v2\/pages\/5762\/revisions"}],"predecessor-version":[{"id":5770,"href":"https:\/\/aemarvao.edu.gov.pt\/site\/wp-json\/wp\/v2\/pages\/5762\/revisions\/5770"}],"up":[{"embeddable":true,"href":"https:\/\/aemarvao.edu.gov.pt\/site\/wp-json\/wp\/v2\/pages\/5752"}],"wp:attachment":[{"href":"https:\/\/aemarvao.edu.gov.pt\/site\/wp-json\/wp\/v2\/media?parent=5762"}],"curies":[{"name":"wp","href":"https:\/\/api.w.org\/{rel}","templated":true}]}}

ModA 1º/2º Ciclos

<p style="text-align: center;"><strong>Calendarização da Realização das Provas</strong><br />
<strong>Ano Letivo 2025/2026</strong></p>
<p style="text-align: center;">ModA DOS 1º e 2º CICLOS <img loading="lazy" class="wp-image-5756 aligncenter" src="https://aemarvao.edu.gov.pt/site/wp-content/uploads/2026/04/Calendarizacao-Provas-ModA-25_26_pages-to-jpg-0001-212x300.jpg" alt="" width="580" height="821" srcset="https://aemarvao.edu.gov.pt/site/wp-content/uploads/2026/04/Calendarizacao-Provas-ModA-25_26_pages-to-jpg-0001-212x300.jpg 212w, https://aemarvao.edu.gov.pt/site/wp-content/uploads/2026/04/Calendarizacao-Provas-ModA-25_26_pages-to-jpg-0001-724x1024.jpg 724w, https://aemarvao.edu.gov.pt/site/wp-content/uploads/2026/04/Calendarizacao-Provas-ModA-25_26_pages-to-jpg-0001-768x1086.jpg 768w, https://aemarvao.edu.gov.pt/site/wp-content/uploads/2026/04/Calendarizacao-Provas-ModA-25_26_pages-to-jpg-0001-1086x1536.jpg 1086w, https://aemarvao.edu.gov.pt/site/wp-content/uploads/2026/04/Calendarizacao-Provas-ModA-25_26_pages-to-jpg-0001.jpg 1241w" sizes="(max-width: 580px) 100vw, 580px" /></p>
<p>&nbsp;</p>

<p>Calendarização da Realização das Provas Ano Letivo 2025/2026 ModA DOS 1º e 2º CICLOS &nbsp;</p>
