{"id":5752,"date":"2026-04-28T14:26:11","date_gmt":"2026-04-28T14:26:11","guid":{"rendered":"https:\/\/aemarvao.edu.gov.pt\/site\/?page_id=5752"},"modified":"2026-04-28T14:54:23","modified_gmt":"2026-04-28T14:54:23","slug":"provas-2026","status":"publish","type":"page","link":"https:\/\/aemarvao.edu.gov.pt\/site\/alunosenc-educacao\/provas-2026\/","title":{"rendered":"Provas 2026"},"content":{"rendered":"<p style=\"text-align: center;\"><strong>Calendariza\u00e7\u00e3o da Realiza\u00e7\u00e3o das Provas<\/strong><br \/>\n<strong>Ano Letivo 2025\/2026<\/strong><\/p>\n","protected":false},"excerpt":{"rendered":"<p>Calendariza\u00e7\u00e3o da Realiza\u00e7\u00e3o das Provas Ano Letivo 2025\/2026<\/p>\n","protected":false},"author":1,"featured_media":0,"parent":263,"menu_order":0,"comment_status":"closed","ping_status":"closed","template":"","meta":[],"_links":{"self":[{"href":"https:\/\/aemarvao.edu.gov.pt\/site\/wp-json\/wp\/v2\/pages\/5752"}],"collection":[{"href":"https:\/\/aemarvao.edu.gov.pt\/site\/wp-json\/wp\/v2\/pages"}],"about":[{"href":"https:\/\/aemarvao.edu.gov.pt\/site\/wp-json\/wp\/v2\/types\/page"}],"author":[{"embeddable":true,"href":"https:\/\/aemarvao.edu.gov.pt\/site\/wp-json\/wp\/v2\/users\/1"}],"replies":[{"embeddable":true,"href":"https:\/\/aemarvao.edu.gov.pt\/site\/wp-json\/wp\/v2\/comments?post=5752"}],"version-history":[{"count":6,"href":"https:\/\/aemarvao.edu.gov.pt\/site\/wp-json\/wp\/v2\/pages\/5752\/revisions"}],"predecessor-version":[{"id":5769,"href":"https:\/\/aemarvao.edu.gov.pt\/site\/wp-json\/wp\/v2\/pages\/5752\/revisions\/5769"}],"up":[{"embeddable":true,"href":"https:\/\/aemarvao.edu.gov.pt\/site\/wp-json\/wp\/v2\/pages\/263"}],"wp:attachment":[{"href":"https:\/\/aemarvao.edu.gov.pt\/site\/wp-json\/wp\/v2\/media?parent=5752"}],"curies":[{"name":"wp","href":"https:\/\/api.w.org\/{rel}","templated":true}]}}

<p style="text-align: center;"><strong>Calendarização da Realização das Provas</strong><br />
<strong>Ano Letivo 2025/2026</strong></p>

<p>Calendarização da Realização das Provas Ano Letivo 2025/2026</p>
