{"id":4595,"date":"2024-02-26T16:04:17","date_gmt":"2024-02-26T16:04:17","guid":{"rendered":"https:\/\/aemarvao.edu.gov.pt\/site\/?page_id=4595"},"modified":"2024-11-26T10:15:19","modified_gmt":"2024-11-26T10:15:19","slug":"etwinning-science-is-everywhere","status":"publish","type":"page","link":"https:\/\/aemarvao.edu.gov.pt\/site\/projetos\/etwinning-science-is-everywhere\/","title":{"rendered":"eTwinning \u201cScience is everywhere\u201d"},"content":{"rendered":"<div style=\"text-align: justify;\">As salas do Ensino Pr\u00e9-escolar do AE Marv\u00e3o participaram no ano letivo 2023\/2024 num projeto eTwinning chamado &#8220;Science is everywhere&#8221;.<\/div>\n<div style=\"text-align: justify;\">O eTwinning \u00e9 uma plataforma online criada pela Comiss\u00e3o Europeia que visa promover a colabora\u00e7\u00e3o entre escolas na Europa. O objetivo principal do eTwinning \u00e9 permitir que educadores e alunos de diferentes pa\u00edses europeus trabalhem em projetos colaborativos, utilizando a tecnologia digital como meio de comunica\u00e7\u00e3o e compartilhamento de recursos.<\/div>\n<div style=\"text-align: justify;\">Al\u00e9m de Portugal s\u00e3o parceiros do projeto &#8220;Science is everywhere&#8221; colegas da Turquia, Rom\u00e9nia, Litu\u00e2nia e Gr\u00e9cia.<\/div>\n<div style=\"text-align: justify;\">O projeto foi criado com o intuito de despertar nas crian\u00e7as de pr\u00e9 escolar o gosto pela descoberta, pelo m\u00e9todo cient\u00edfico e desenvolver o pensamento cr\u00edtico.<\/div>\n<p>&nbsp;<\/p>\n<div><\/div>\n<div>P\u00e1gina de Facebook do projeto:<\/div>\n<div><a href=\"https:\/\/www.facebook.com\/profile.php?id=61555876192442\" target=\"_blank\" rel=\"noopener\"><span style=\"font-size: 1rem;\">https:\/\/www.facebook.com\/profile.php?id=61555876192442<\/span><\/a><\/div>\n<p>&nbsp;<\/p>\n<div><\/div>\n<div>A escola foi galardoada com o Selo Nacional de Qualidade eTwinning e com o Selo Europeu de Qualidade, mais info em: <a href=\"https:\/\/school-education.ec.europa.eu\/en\/etwinning\/projects\/science-everywhere-4\">\u201cScience is everywhere\u201d | European School Education Platform<\/a><\/div>\n","protected":false},"excerpt":{"rendered":"<p>As salas do Ensino Pr\u00e9-escolar do AE Marv\u00e3o participaram no ano letivo 2023\/2024 num projeto eTwinning chamado &#8220;Science is everywhere&#8221;. O eTwinning \u00e9 uma plataforma online criada pela Comiss\u00e3o Europeia que visa promover a colabora\u00e7\u00e3o entre escolas na Europa. O objetivo principal do eTwinning \u00e9 permitir que educadores e alunos de diferentes pa\u00edses europeus trabalhem &hellip; <\/p>\n<p class=\"link-more\"><a href=\"https:\/\/aemarvao.edu.gov.pt\/site\/projetos\/etwinning-science-is-everywhere\/\" class=\"more-link\">Continuar a ler <span class=\"screen-reader-text\">&#8220;eTwinning \u201cScience is everywhere\u201d&#8221;<\/span><\/a><\/p>\n","protected":false},"author":1,"featured_media":4592,"parent":397,"menu_order":0,"comment_status":"closed","ping_status":"closed","template":"","meta":[],"_links":{"self":[{"href":"https:\/\/aemarvao.edu.gov.pt\/site\/wp-json\/wp\/v2\/pages\/4595"}],"collection":[{"href":"https:\/\/aemarvao.edu.gov.pt\/site\/wp-json\/wp\/v2\/pages"}],"about":[{"href":"https:\/\/aemarvao.edu.gov.pt\/site\/wp-json\/wp\/v2\/types\/page"}],"author":[{"embeddable":true,"href":"https:\/\/aemarvao.edu.gov.pt\/site\/wp-json\/wp\/v2\/users\/1"}],"replies":[{"embeddable":true,"href":"https:\/\/aemarvao.edu.gov.pt\/site\/wp-json\/wp\/v2\/comments?post=4595"}],"version-history":[{"count":7,"href":"https:\/\/aemarvao.edu.gov.pt\/site\/wp-json\/wp\/v2\/pages\/4595\/revisions"}],"predecessor-version":[{"id":5025,"href":"https:\/\/aemarvao.edu.gov.pt\/site\/wp-json\/wp\/v2\/pages\/4595\/revisions\/5025"}],"up":[{"embeddable":true,"href":"https:\/\/aemarvao.edu.gov.pt\/site\/wp-json\/wp\/v2\/pages\/397"}],"wp:featuredmedia":[{"embeddable":true,"href":"https:\/\/aemarvao.edu.gov.pt\/site\/wp-json\/wp\/v2\/media\/4592"}],"wp:attachment":[{"href":"https:\/\/aemarvao.edu.gov.pt\/site\/wp-json\/wp\/v2\/media?parent=4595"}],"curies":[{"name":"wp","href":"https:\/\/api.w.org\/{rel}","templated":true}]}}