{"id":352,"date":"2017-03-20T10:09:01","date_gmt":"2017-03-20T10:09:01","guid":{"rendered":"http:\/\/www.aemarvao.pt\/site\/?page_id=352"},"modified":"2025-11-12T09:37:21","modified_gmt":"2025-11-12T09:37:21","slug":"aecs","status":"publish","type":"page","link":"https:\/\/aemarvao.edu.gov.pt\/site\/alunosenc-educacao\/aecs\/","title":{"rendered":"AECs"},"content":{"rendered":"<p align=\"justify\">As Atividades de Enriquecimento Curricular (AEC) t\u00eam como objetivo beneficiar os alunos e integram pr\u00e1ticas como o estudo acompanhado, a inicia\u00e7\u00e3o de uma l\u00edngua estrangeira, o desporto escolar, as express\u00f5es art\u00edstica e musical e as tecnologias de comunica\u00e7\u00e3o e informa\u00e7\u00e3o.<\/p>\n<p align=\"justify\"><a href=\"https:\/\/aemarvao.edu.gov.pt\/site\/wp-content\/uploads\/2025\/11\/Reg.Aec-25-26.pdf\" target=\"_blank\" rel=\"noopener\">Regulamento das Atividades de Enriquecimento Curricular<\/a><\/p>\n","protected":false},"excerpt":{"rendered":"<p>As Atividades de Enriquecimento Curricular (AEC) t\u00eam como objetivo beneficiar os alunos e integram pr\u00e1ticas como o estudo acompanhado, a inicia\u00e7\u00e3o de uma l\u00edngua estrangeira, o desporto escolar, as express\u00f5es art\u00edstica e musical e as tecnologias de comunica\u00e7\u00e3o e informa\u00e7\u00e3o. Regulamento das Atividades de Enriquecimento Curricular<\/p>\n","protected":false},"author":1,"featured_media":0,"parent":263,"menu_order":0,"comment_status":"closed","ping_status":"closed","template":"","meta":[],"_links":{"self":[{"href":"https:\/\/aemarvao.edu.gov.pt\/site\/wp-json\/wp\/v2\/pages\/352"}],"collection":[{"href":"https:\/\/aemarvao.edu.gov.pt\/site\/wp-json\/wp\/v2\/pages"}],"about":[{"href":"https:\/\/aemarvao.edu.gov.pt\/site\/wp-json\/wp\/v2\/types\/page"}],"author":[{"embeddable":true,"href":"https:\/\/aemarvao.edu.gov.pt\/site\/wp-json\/wp\/v2\/users\/1"}],"replies":[{"embeddable":true,"href":"https:\/\/aemarvao.edu.gov.pt\/site\/wp-json\/wp\/v2\/comments?post=352"}],"version-history":[{"count":7,"href":"https:\/\/aemarvao.edu.gov.pt\/site\/wp-json\/wp\/v2\/pages\/352\/revisions"}],"predecessor-version":[{"id":5413,"href":"https:\/\/aemarvao.edu.gov.pt\/site\/wp-json\/wp\/v2\/pages\/352\/revisions\/5413"}],"up":[{"embeddable":true,"href":"https:\/\/aemarvao.edu.gov.pt\/site\/wp-json\/wp\/v2\/pages\/263"}],"wp:attachment":[{"href":"https:\/\/aemarvao.edu.gov.pt\/site\/wp-json\/wp\/v2\/media?parent=352"}],"curies":[{"name":"wp","href":"https:\/\/api.w.org\/{rel}","templated":true}]}}