{"id":3456,"date":"2022-03-23T15:26:13","date_gmt":"2022-03-23T15:26:13","guid":{"rendered":"https:\/\/aemarvao.edu.gov.pt\/site\/?page_id=3456"},"modified":"2025-09-24T16:00:13","modified_gmt":"2025-09-24T16:00:13","slug":"eco-escolas","status":"publish","type":"page","link":"https:\/\/aemarvao.edu.gov.pt\/site\/projetos\/eco-escolas\/","title":{"rendered":"Eco-Escolas"},"content":{"rendered":"<p style=\"text-align: justify;\">Eco-Escolas \u00e9 um programa internacional da \u201cFoundation for Environmental Education\u201d, desenvolvido em Portugal desde 1996 pela ABAE. Pretende encorajar a\u00e7\u00f5es e reconhecer o trabalho de qualidade desenvolvido pela escola, no \u00e2mbito da Educa\u00e7\u00e3o Ambiental para a Sustentabilidade.<\/p>\n<p style=\"text-align: justify;\">O programa \u00e9 coordenado a n\u00edvel internacional, nacional, regional e de escola. Esta coordena\u00e7\u00e3o multin\u00edvel permite a conflu\u00eancia para objetivos, metodologias e crit\u00e9rios comuns que respeitam a especificidade de cada escola relativamente aos seus alunos e carater\u00edsticas do meio envolvente.<\/p>\n<p><img loading=\"lazy\" class=\"alignnone size-full wp-image-3457\" src=\"https:\/\/aemarvao.edu.gov.pt\/site\/wp-content\/uploads\/2022\/03\/eco.png\" alt=\"\" width=\"809\" height=\"796\" srcset=\"https:\/\/aemarvao.edu.gov.pt\/site\/wp-content\/uploads\/2022\/03\/eco.png 809w, https:\/\/aemarvao.edu.gov.pt\/site\/wp-content\/uploads\/2022\/03\/eco-300x295.png 300w, https:\/\/aemarvao.edu.gov.pt\/site\/wp-content\/uploads\/2022\/03\/eco-768x756.png 768w\" sizes=\"(max-width: 706px) 89vw, (max-width: 767px) 82vw, 740px\" \/><\/p>\n<h3 style=\"text-align: center;\"><strong>Constitui\u00e7\u00e3o da equipa (2025\/2026):<\/strong><\/h3>\n<p style=\"text-align: center;\">Isabel Junceiro &#8211; Prof. 3.\u00ba CEB<br \/>\nCarla Cordeiro &#8211; Prof. 2.\u00ba CEB<br \/>\nAd\u00e9lia Farto\u00a0 &#8211; Prof. 3.\u00ba CEB<br \/>\nLu\u00eds F\u00e9lix &#8211; Prof. 3.\u00ba CEB<\/p>\n<p>&nbsp;<\/p>\n","protected":false},"excerpt":{"rendered":"<p>Eco-Escolas \u00e9 um programa internacional da \u201cFoundation for Environmental Education\u201d, desenvolvido em Portugal desde 1996 pela ABAE. Pretende encorajar a\u00e7\u00f5es e reconhecer o trabalho de qualidade desenvolvido pela escola, no \u00e2mbito da Educa\u00e7\u00e3o Ambiental para a Sustentabilidade. O programa \u00e9 coordenado a n\u00edvel internacional, nacional, regional e de escola. Esta coordena\u00e7\u00e3o multin\u00edvel permite a conflu\u00eancia &hellip; <\/p>\n<p class=\"link-more\"><a href=\"https:\/\/aemarvao.edu.gov.pt\/site\/projetos\/eco-escolas\/\" class=\"more-link\">Continuar a ler <span class=\"screen-reader-text\">&#8220;Eco-Escolas&#8221;<\/span><\/a><\/p>\n","protected":false},"author":1,"featured_media":0,"parent":397,"menu_order":0,"comment_status":"closed","ping_status":"closed","template":"","meta":[],"_links":{"self":[{"href":"https:\/\/aemarvao.edu.gov.pt\/site\/wp-json\/wp\/v2\/pages\/3456"}],"collection":[{"href":"https:\/\/aemarvao.edu.gov.pt\/site\/wp-json\/wp\/v2\/pages"}],"about":[{"href":"https:\/\/aemarvao.edu.gov.pt\/site\/wp-json\/wp\/v2\/types\/page"}],"author":[{"embeddable":true,"href":"https:\/\/aemarvao.edu.gov.pt\/site\/wp-json\/wp\/v2\/users\/1"}],"replies":[{"embeddable":true,"href":"https:\/\/aemarvao.edu.gov.pt\/site\/wp-json\/wp\/v2\/comments?post=3456"}],"version-history":[{"count":5,"href":"https:\/\/aemarvao.edu.gov.pt\/site\/wp-json\/wp\/v2\/pages\/3456\/revisions"}],"predecessor-version":[{"id":5299,"href":"https:\/\/aemarvao.edu.gov.pt\/site\/wp-json\/wp\/v2\/pages\/3456\/revisions\/5299"}],"up":[{"embeddable":true,"href":"https:\/\/aemarvao.edu.gov.pt\/site\/wp-json\/wp\/v2\/pages\/397"}],"wp:attachment":[{"href":"https:\/\/aemarvao.edu.gov.pt\/site\/wp-json\/wp\/v2\/media?parent=3456"}],"curies":[{"name":"wp","href":"https:\/\/api.w.org\/{rel}","templated":true}]}}

<p style="text-align: justify;">Eco-Escolas é um programa internacional da “Foundation for Environmental Education”, desenvolvido em Portugal desde 1996 pela ABAE. Pretende encorajar ações e reconhecer o trabalho de qualidade desenvolvido pela escola, no âmbito da Educação Ambiental para a Sustentabilidade.</p>
<p style="text-align: justify;">O programa é coordenado a nível internacional, nacional, regional e de escola. Esta coordenação multinível permite a confluência para objetivos, metodologias e critérios comuns que respeitam a especificidade de cada escola relativamente aos seus alunos e caraterísticas do meio envolvente.</p>
<p><img loading="lazy" class="alignnone size-full wp-image-3457" src="https://aemarvao.edu.gov.pt/site/wp-content/uploads/2022/03/eco.png" alt="" width="809" height="796" srcset="https://aemarvao.edu.gov.pt/site/wp-content/uploads/2022/03/eco.png 809w, https://aemarvao.edu.gov.pt/site/wp-content/uploads/2022/03/eco-300x295.png 300w, https://aemarvao.edu.gov.pt/site/wp-content/uploads/2022/03/eco-768x756.png 768w" sizes="(max-width: 706px) 89vw, (max-width: 767px) 82vw, 740px" /></p>
<h3 style="text-align: center;"><strong>Constituição da equipa (2025/2026):</strong></h3>
<p style="text-align: center;">Isabel Junceiro &#8211; Prof. 3.º CEB<br />
Carla Cordeiro &#8211; Prof. 2.º CEB<br />
Adélia Farto  &#8211; Prof. 3.º CEB<br />
Luís Félix &#8211; Prof. 3.º CEB</p>
<p>&nbsp;</p>

<p>Eco-Escolas é um programa internacional da “Foundation for Environmental Education”, desenvolvido em Portugal desde 1996 pela ABAE. Pretende encorajar ações e reconhecer o trabalho de qualidade desenvolvido pela escola, no âmbito da Educação Ambiental para a Sustentabilidade. O programa é coordenado a nível internacional, nacional, regional e de escola. Esta coordenação multinível permite a confluência &hellip; </p>
<p class="link-more"><a href="https://aemarvao.edu.gov.pt/site/projetos/eco-escolas/" class="more-link">Continuar a ler <span class="screen-reader-text">&#8220;Eco-Escolas&#8221;</span></a></p>
