{"id":302,"date":"2017-03-17T13:42:39","date_gmt":"2017-03-17T13:42:39","guid":{"rendered":"http:\/\/www.aemarvao.pt\/site\/?page_id=302"},"modified":"2017-03-17T13:43:03","modified_gmt":"2017-03-17T13:43:03","slug":"professores","status":"publish","type":"page","link":"https:\/\/aemarvao.edu.gov.pt\/site\/professores\/","title":{"rendered":"Professores"},"content":{"rendered":"<div class=\"child_pages child_pages-thumbnail\">\n<div id=\"child_page-298\" class=\"child_page\" style=\"width:100%;max-width:100%;\"><div class=\"child_page-container\"><div class=\"post_thumb\"><a href=\"https:\/\/aemarvao.edu.gov.pt\/site\/professores\/concurso-docentes\/\"><\/a><\/div><div class=\"post_content\"><h4><a href=\"https:\/\/aemarvao.edu.gov.pt\/site\/professores\/concurso-docentes\/\">Concurso Docentes<\/a><\/h4><div class=\"post_excerpt\"><\/div><\/div><!-- .post_content  --><\/div><!-- .child_page-container --><\/div><!-- #child_page-298\" -->\n\n<div id=\"child_page-309\" class=\"child_page\" style=\"width:100%;max-width:100%;\"><div class=\"child_page-container\"><div class=\"post_thumb\"><a href=\"https:\/\/aemarvao.edu.gov.pt\/site\/professores\/departamentos\/\"><\/a><\/div><div class=\"post_content\"><h4><a href=\"https:\/\/aemarvao.edu.gov.pt\/site\/professores\/departamentos\/\">Departamentos<\/a><\/h4><div class=\"post_excerpt\">&nbsp; &nbsp; Referente ao ano de 2025\/2026 Pr\u00e9-Escolar Maria Ana Caldeira (Coordenadora) Mafalda Casanova Teresa Reis Cid\u00e1lia Servo Concei\u00e7\u00e3o Mota Facebook Pr\u00e9-Escolar 1\u00ba Ciclo Berta Polido (Coordenadora) Maria Helena Ventura Lu\u00edsa Rodrigues Teresa Semedo Elisabete Caio Isabel Ludovino Carla Salgueiro Blogue 1.\u00ba Ciclo L\u00ednguas Ana Henriques (350) (Coordenadora) \u00c1lvaro Baltazar (200) Paula Morgado (220) Helena &hellip; <p class=\"link-more\"><a href=\"https:\/\/aemarvao.edu.gov.pt\/site\/professores\/departamentos\/\" class=\"more-link\">Continuar a ler <span class=\"screen-reader-text\">\"Departamentos\"<\/span><\/a><\/p><\/div><\/div><!-- .post_content  --><\/div><!-- .child_page-container --><\/div><!-- #child_page-309\" -->\n<\/div>\n","protected":false},"excerpt":{"rendered":"","protected":false},"author":1,"featured_media":0,"parent":0,"menu_order":0,"comment_status":"closed","ping_status":"closed","template":"","meta":[],"_links":{"self":[{"href":"https:\/\/aemarvao.edu.gov.pt\/site\/wp-json\/wp\/v2\/pages\/302"}],"collection":[{"href":"https:\/\/aemarvao.edu.gov.pt\/site\/wp-json\/wp\/v2\/pages"}],"about":[{"href":"https:\/\/aemarvao.edu.gov.pt\/site\/wp-json\/wp\/v2\/types\/page"}],"author":[{"embeddable":true,"href":"https:\/\/aemarvao.edu.gov.pt\/site\/wp-json\/wp\/v2\/users\/1"}],"replies":[{"embeddable":true,"href":"https:\/\/aemarvao.edu.gov.pt\/site\/wp-json\/wp\/v2\/comments?post=302"}],"version-history":[{"count":2,"href":"https:\/\/aemarvao.edu.gov.pt\/site\/wp-json\/wp\/v2\/pages\/302\/revisions"}],"predecessor-version":[{"id":304,"href":"https:\/\/aemarvao.edu.gov.pt\/site\/wp-json\/wp\/v2\/pages\/302\/revisions\/304"}],"wp:attachment":[{"href":"https:\/\/aemarvao.edu.gov.pt\/site\/wp-json\/wp\/v2\/media?parent=302"}],"curies":[{"name":"wp","href":"https:\/\/api.w.org\/{rel}","templated":true}]}}

<div class="child_pages child_pages-thumbnail">
<div id="child_page-298" class="child_page" style="width:100%;max-width:100%;"><div class="child_page-container"><div class="post_thumb"><a href="https://aemarvao.edu.gov.pt/site/professores/concurso-docentes/"></a></div><div class="post_content"><h4><a href="https://aemarvao.edu.gov.pt/site/professores/concurso-docentes/">Concurso Docentes</a></h4><div class="post_excerpt"></div></div><!-- .post_content  --></div><!-- .child_page-container --></div><!-- #child_page-298" -->

<div id="child_page-309" class="child_page" style="width:100%;max-width:100%;"><div class="child_page-container"><div class="post_thumb"><a href="https://aemarvao.edu.gov.pt/site/professores/departamentos/"></a></div><div class="post_content"><h4><a href="https://aemarvao.edu.gov.pt/site/professores/departamentos/">Departamentos</a></h4><div class="post_excerpt">&nbsp; &nbsp; Referente ao ano de 2025/2026 Pré-Escolar Maria Ana Caldeira (Coordenadora) Mafalda Casanova Teresa Reis Cidália Servo Conceição Mota Facebook Pré-Escolar 1º Ciclo Berta Polido (Coordenadora) Maria Helena Ventura Luísa Rodrigues Teresa Semedo Elisabete Caio Isabel Ludovino Carla Salgueiro Blogue 1.º Ciclo Línguas Ana Henriques (350) (Coordenadora) Álvaro Baltazar (200) Paula Morgado (220) Helena &hellip; <p class="link-more"><a href="https://aemarvao.edu.gov.pt/site/professores/departamentos/" class="more-link">Continuar a ler <span class="screen-reader-text">"Departamentos"</span></a></p></div></div><!-- .post_content  --></div><!-- .child_page-container --></div><!-- #child_page-309" -->
</div>
