{"id":284,"date":"2017-03-16T16:40:08","date_gmt":"2017-03-16T16:40:08","guid":{"rendered":"http:\/\/www.aemarvao.pt\/site\/?page_id=284"},"modified":"2017-03-16T16:44:07","modified_gmt":"2017-03-16T16:44:07","slug":"seae","status":"publish","type":"page","link":"https:\/\/aemarvao.edu.gov.pt\/site\/servicos\/seae\/","title":{"rendered":"SEAE"},"content":{"rendered":"<p><strong>Servi\u00e7os Especializados de Apoio Educativo<\/strong><\/p>\n<p style=\"margin: 0.35em 0px 0.8em; padding: 0px; color: #666666; font-family: 'Times New Roman', Times, serif; font-size: 13.6px; line-height: 20.4px;\" align=\"justify\"><span style=\"font-family: helvetica;\">Estes servi\u00e7os t\u00eam como objetivo assegurar a plena integra\u00e7\u00e3o dos alunos nos aspetos psico-pedag\u00f3gicos e s\u00f3cio-educativos atrav\u00e9s da articula\u00e7\u00e3o com os diversos departamentos, conselho de docentes, \u00f3rg\u00e3os de gest\u00e3o do agrupamento, com as fam\u00edlias e os diferentes recursos da comunidade.<\/span><\/p>\n<p style=\"margin: 0.35em 0px 0.8em; padding: 0px; color: #666666; font-family: 'Times New Roman', Times, serif; font-size: 13.6px; line-height: 20.4px;\"><span style=\"font-family: helvetica;\">Aos Servi\u00e7os Especializados de Apoio Educativo, no exerc\u00edcio das fun\u00e7\u00f5es de articula\u00e7\u00e3o curricular, compete:<\/span><\/p>\n<ul class=\"list-number-digit orange-digit\" style=\"margin: 0.35em 0px 0.8em; padding: 0px; list-style: none; color: #666666; font-family: 'Times New Roman', Times, serif; font-size: 13.6px; line-height: 20.4px;\">\n<li style=\"margin: 0.3em 0px 0.3em 3px; padding: 3px 0px 3px 42px; position: relative;\"><span style=\"font-family: helvetica;\"><strong class=\"bulletcount\" style=\"display: block; width: 32px; position: absolute; left: 0px; top: -3px; font-size: 32px; line-height: 32px; text-align: right; color: #e66000;\">1<\/strong>\u00a0Promover o despiste das crian\u00e7as com NEEP e proceder ao seu encaminhamento para os servi\u00e7os especializados das escolas;<\/span><\/li>\n<li style=\"margin: 0.3em 0px 0.3em 3px; padding: 3px 0px 3px 42px; position: relative;\"><span style=\"font-family: helvetica;\"><strong class=\"bulletcount\" style=\"display: block; width: 32px; position: absolute; left: 0px; top: -3px; font-size: 32px; line-height: 32px; text-align: right; color: #e66000;\">2<\/strong>\u00a0Funcionar como p\u00f3lo dinamizador e de reflex\u00e3o sobre pr\u00e1ticas pedag\u00f3gicas diferenciadas ajustadas \u00e0s problem\u00e1ticas existentes.<\/span><\/li>\n<\/ul>\n<p style=\"margin: 0.35em 0px 0.8em; padding: 0px; color: #666666; font-family: 'Times New Roman', Times, serif; font-size: 13.6px; line-height: 20.4px;\"><span style=\"font-family: helvetica;\">Os Servi\u00e7os Especializados de Apoio Educativo s\u00e3o compostos pelos seguintes servi\u00e7os:<\/span><\/p>\n<ul class=\"list-number-digit orange-digit\" style=\"margin: 0.35em 0px 0.8em; padding: 0px; list-style: none; color: #666666; font-family: 'Times New Roman', Times, serif; font-size: 13.6px; line-height: 20.4px;\">\n<li style=\"margin: 0.3em 0px 0.3em 3px; padding: 3px 0px 3px 42px; position: relative;\"><span style=\"font-family: helvetica;\"><strong class=\"bulletcount\" style=\"display: block; width: 32px; position: absolute; left: 0px; top: -3px; font-size: 32px; line-height: 32px; text-align: right; color: #e66000;\">1<\/strong>\u00a0Servi\u00e7o de Psicologia e Orienta\u00e7\u00e3o;<\/span><\/li>\n<li style=\"margin: 0.3em 0px 0.3em 3px; padding: 3px 0px 3px 42px; position: relative;\"><span style=\"font-family: helvetica;\"><strong class=\"bulletcount\" style=\"display: block; width: 32px; position: absolute; left: 0px; top: -3px; font-size: 32px; line-height: 32px; text-align: right; color: #e66000;\">2<\/strong>\u00a0N\u00facleo de Apoio Educativo;<\/span><\/li>\n<li style=\"margin: 0.3em 0px 0.3em 3px; padding: 3px 0px 3px 42px; position: relative;\"><span style=\"font-family: helvetica;\"><strong class=\"bulletcount\" style=\"display: block; width: 32px; position: absolute; left: 0px; top: -3px; font-size: 32px; line-height: 32px; text-align: right; color: #e66000;\">3<\/strong>\u00a0Outros Servi\u00e7os de Apoio e\/ou T\u00e9cnico-pedag\u00f3gicos (Clubes, APA, Anima\u00e7\u00e3o S\u00f3cio-cultural, Organiza\u00e7\u00e3o de Salas de Estudo, etc.).<\/span><\/li>\n<\/ul>\n<p align=\"justify\" style=\"margin: 0.35em 0px 0.8em; padding: 0px; color: #666666; font-family: 'Times New Roman', Times, serif; font-size: 13.6px; line-height: 20.4px;\"><span style=\"font-family: helvetica;\">De acordo com o artigo 22\u00ba do Decreto-Lei 319\/31 de 31 de Agosto, para o desenvolvimento das a\u00e7\u00f5es dos Servi\u00e7os Especializados de Apoio Educativo \u00e9 constitu\u00edda uma equipa multidisciplinar de avalia\u00e7\u00e3o, que tem a seguinte composi\u00e7\u00e3o:<\/span><\/p>\n<ul class=\"list-arrow-green\" style=\"margin: 0.35em 0px 0.8em; padding: 0px; list-style: none; color: #666666; font-family: 'Times New Roman', Times, serif; font-size: 13.6px; line-height: 20.4px;\">\n<li style=\"margin-top: 0.3em; margin-right: 0px; margin-bottom: 0.3em; padding: 0px 0px 0px 14px; background: url('images\/icons-arrow-8.png') 0% -209px no-repeat;\"><span style=\"font-family: helvetica;\">\u00a0Um representante do \u00f3rg\u00e3o de administra\u00e7\u00e3o e gest\u00e3o do agrupamento (coordenador da equipa);<\/span><\/li>\n<li style=\"margin-top: 0.3em; margin-right: 0px; margin-bottom: 0.3em; padding: 0px 0px 0px 14px; background: url('images\/icons-arrow-8.png') 0% -209px no-repeat;\"><span style=\"font-family: helvetica;\">\u00a0O Educador\/professor do aluno ou o Diretor de Turma;<\/span><\/li>\n<li style=\"margin-top: 0.3em; margin-right: 0px; margin-bottom: 0.3em; padding: 0px 0px 0px 14px; background: url('images\/icons-arrow-8.png') 0% -209px no-repeat;\"><span style=\"font-family: helvetica;\">\u00a0O professor de Educa\u00e7\u00e3o Especial;<\/span><\/li>\n<li style=\"margin-top: 0.3em; margin-right: 0px; margin-bottom: 0.3em; padding: 0px 0px 0px 14px; background: url('images\/icons-arrow-8.png') 0% -209px no-repeat;\"><span style=\"font-family: helvetica;\">\u00a0Um psic\u00f3logo;<\/span><\/li>\n<li style=\"margin-top: 0.3em; margin-right: 0px; margin-bottom: 0.3em; padding: 0px 0px 0px 14px; background: url('images\/icons-arrow-8.png') 0% -209px no-repeat;\"><span style=\"font-family: helvetica;\">\u00a0Um elemento da equipa de sa\u00fade escolar (quando poss\u00edvel).<\/span><\/li>\n<\/ul>\n","protected":false},"excerpt":{"rendered":"<p>Servi\u00e7os Especializados de Apoio Educativo Estes servi\u00e7os t\u00eam como objetivo assegurar a plena integra\u00e7\u00e3o dos alunos nos aspetos psico-pedag\u00f3gicos e s\u00f3cio-educativos atrav\u00e9s da articula\u00e7\u00e3o com os diversos departamentos, conselho de docentes, \u00f3rg\u00e3os de gest\u00e3o do agrupamento, com as fam\u00edlias e os diferentes recursos da comunidade. Aos Servi\u00e7os Especializados de Apoio Educativo, no exerc\u00edcio das fun\u00e7\u00f5es &hellip; <\/p>\n<p class=\"link-more\"><a href=\"https:\/\/aemarvao.edu.gov.pt\/site\/servicos\/seae\/\" class=\"more-link\">Continuar a ler <span class=\"screen-reader-text\">&#8220;SEAE&#8221;<\/span><\/a><\/p>\n","protected":false},"author":1,"featured_media":0,"parent":259,"menu_order":0,"comment_status":"closed","ping_status":"closed","template":"","meta":[],"_links":{"self":[{"href":"https:\/\/aemarvao.edu.gov.pt\/site\/wp-json\/wp\/v2\/pages\/284"}],"collection":[{"href":"https:\/\/aemarvao.edu.gov.pt\/site\/wp-json\/wp\/v2\/pages"}],"about":[{"href":"https:\/\/aemarvao.edu.gov.pt\/site\/wp-json\/wp\/v2\/types\/page"}],"author":[{"embeddable":true,"href":"https:\/\/aemarvao.edu.gov.pt\/site\/wp-json\/wp\/v2\/users\/1"}],"replies":[{"embeddable":true,"href":"https:\/\/aemarvao.edu.gov.pt\/site\/wp-json\/wp\/v2\/comments?post=284"}],"version-history":[{"count":5,"href":"https:\/\/aemarvao.edu.gov.pt\/site\/wp-json\/wp\/v2\/pages\/284\/revisions"}],"predecessor-version":[{"id":289,"href":"https:\/\/aemarvao.edu.gov.pt\/site\/wp-json\/wp\/v2\/pages\/284\/revisions\/289"}],"up":[{"embeddable":true,"href":"https:\/\/aemarvao.edu.gov.pt\/site\/wp-json\/wp\/v2\/pages\/259"}],"wp:attachment":[{"href":"https:\/\/aemarvao.edu.gov.pt\/site\/wp-json\/wp\/v2\/media?parent=284"}],"curies":[{"name":"wp","href":"https:\/\/api.w.org\/{rel}","templated":true}]}}