{"id":257,"date":"2017-03-16T16:04:52","date_gmt":"2017-03-16T16:04:52","guid":{"rendered":"http:\/\/www.aemarvao.pt\/site\/?page_id=257"},"modified":"2017-03-17T13:59:18","modified_gmt":"2017-03-17T13:59:18","slug":"estruturas","status":"publish","type":"page","link":"https:\/\/aemarvao.edu.gov.pt\/site\/estruturas\/","title":{"rendered":"Estruturas"},"content":{"rendered":"<div class=\"child_pages child_pages-thumbnail\">\n<div id=\"child_page-314\" class=\"child_page\" style=\"width:100%;max-width:100%;\"><div class=\"child_page-container\"><div class=\"post_thumb\"><a href=\"https:\/\/aemarvao.edu.gov.pt\/site\/estruturas\/conselho-geral\/\"><\/a><\/div><div class=\"post_content\"><h4><a href=\"https:\/\/aemarvao.edu.gov.pt\/site\/estruturas\/conselho-geral\/\">Conselho Geral<\/a><\/h4><div class=\"post_excerpt\">Constitui\u00e7\u00e3o do Conselho Geral em 2025\/2026<\/div><\/div><!-- .post_content  --><\/div><!-- .child_page-container --><\/div><!-- #child_page-314\" -->\n\n<div id=\"child_page-319\" class=\"child_page\" style=\"width:100%;max-width:100%;\"><div class=\"child_page-container\"><div class=\"post_thumb\"><a href=\"https:\/\/aemarvao.edu.gov.pt\/site\/estruturas\/direcao\/\"><\/a><\/div><div class=\"post_content\"><h4><a href=\"https:\/\/aemarvao.edu.gov.pt\/site\/estruturas\/direcao\/\">Dire\u00e7\u00e3o<\/a><\/h4><div class=\"post_excerpt\"><\/div><\/div><!-- .post_content  --><\/div><!-- .child_page-container --><\/div><!-- #child_page-319\" -->\n\n<div id=\"child_page-323\" class=\"child_page\" style=\"width:100%;max-width:100%;\"><div class=\"child_page-container\"><div class=\"post_thumb\"><a href=\"https:\/\/aemarvao.edu.gov.pt\/site\/estruturas\/conselho-pedagogico\/\"><\/a><\/div><div class=\"post_content\"><h4><a href=\"https:\/\/aemarvao.edu.gov.pt\/site\/estruturas\/conselho-pedagogico\/\">Conselho Pedag\u00f3gico<\/a><\/h4><div class=\"post_excerpt\"><\/div><\/div><!-- .post_content  --><\/div><!-- .child_page-container --><\/div><!-- #child_page-323\" -->\n\n<div id=\"child_page-327\" class=\"child_page\" style=\"width:100%;max-width:100%;\"><div class=\"child_page-container\"><div class=\"post_thumb\"><a href=\"https:\/\/aemarvao.edu.gov.pt\/site\/estruturas\/conselho-administrativo\/\"><\/a><\/div><div class=\"post_content\"><h4><a href=\"https:\/\/aemarvao.edu.gov.pt\/site\/estruturas\/conselho-administrativo\/\">Conselho Administrativo<\/a><\/h4><div class=\"post_excerpt\"><\/div><\/div><!-- .post_content  --><\/div><!-- .child_page-container --><\/div><!-- #child_page-327\" -->\n\n<div id=\"child_page-331\" class=\"child_page\" style=\"width:100%;max-width:100%;\"><div class=\"child_page-container\"><div class=\"post_thumb\"><a href=\"https:\/\/aemarvao.edu.gov.pt\/site\/estruturas\/diretores-de-turma\/\"><\/a><\/div><div class=\"post_content\"><h4><a href=\"https:\/\/aemarvao.edu.gov.pt\/site\/estruturas\/diretores-de-turma\/\">Diretores de Turma<\/a><\/h4><div class=\"post_excerpt\">Ano letivo 2025\/2026 TURMA N.\u00ba Alunos Sala DIRETOR DE TURMA \u00a0 Pr\u00e9 1 19 anexo Maria Ana Caldeira Pr\u00e9 2 13 Sala 3 Teresa Reis E.B. Dr. Manuel Magro Machado \u2013 SAA Pr\u00e9 3 13 Sala 5 Cid\u00e1lia Servo E.B. Dr. Manuel Magro Machado \u2013 SAA 1.\u00ba\/4.\u00ba Anos 19 Sala 7 Maria Helena Ventura E.B. &hellip; <p class=\"link-more\"><a href=\"https:\/\/aemarvao.edu.gov.pt\/site\/estruturas\/diretores-de-turma\/\" class=\"more-link\">Continuar a ler <span class=\"screen-reader-text\">\"Diretores de Turma\"<\/span><\/a><\/p><\/div><\/div><!-- .post_content  --><\/div><!-- .child_page-container --><\/div><!-- #child_page-331\" -->\n\n<div id=\"child_page-335\" class=\"child_page\" style=\"width:100%;max-width:100%;\"><div class=\"child_page-container\"><div class=\"post_thumb\"><a href=\"https:\/\/aemarvao.edu.gov.pt\/site\/estruturas\/s-a-d-d-c-p\/\"><\/a><\/div><div class=\"post_content\"><h4><a href=\"https:\/\/aemarvao.edu.gov.pt\/site\/estruturas\/s-a-d-d-c-p\/\">S.A.D.D.C.P.<\/a><\/h4><div class=\"post_excerpt\">Referente ao ano de 2025\/2026 Diretor do Agrupamento Filipe Miguel Meira Gon\u00e7alves (Dire\u00e7\u00e3o) Coordenadora Dep. Pr\u00e9-Escolar Maria Ana Caldeira Coordenadora Dep. 1.\u00ba Ciclo Berta Polido Coordenadora Dep. Mat. e Ci\u00eancias Experimentais Carla Cordeiro Coordenadora Dep. Express\u00f5es Paula Rocha<\/div><\/div><!-- .post_content  --><\/div><!-- .child_page-container --><\/div><!-- #child_page-335\" -->\n\n<div id=\"child_page-339\" class=\"child_page\" style=\"width:100%;max-width:100%;\"><div class=\"child_page-container\"><div class=\"post_thumb\"><a href=\"https:\/\/aemarvao.edu.gov.pt\/site\/estruturas\/biblioteca\/\"><\/a><\/div><div class=\"post_content\"><h4><a href=\"https:\/\/aemarvao.edu.gov.pt\/site\/estruturas\/biblioteca\/\">Biblioteca<\/a><\/h4><div class=\"post_excerpt\">Blogue Novo Blogue Antigo Facebook A Biblioteca \u00e9 uma unidade cient\u00edfico-pedag\u00f3gica, constitu\u00edda por um conjunto de recursos f\u00edsicos e humanos. Inserida no Programa Nacional da Rede de Bibliotecas Escolares, desenvolve trabalho de \u00e2mbito informativo, cultural e recreativo. Hor\u00e1rio de Funcionamento EB de AMMAIA &#8211; Portagem Hor\u00e1rio: 9h00 \u00e0s 16h00 \u00a0 EB Dr. MANUEL MAGRO MACHADO &hellip; <p class=\"link-more\"><a href=\"https:\/\/aemarvao.edu.gov.pt\/site\/estruturas\/biblioteca\/\" class=\"more-link\">Continuar a ler <span class=\"screen-reader-text\">\"Biblioteca\"<\/span><\/a><\/p><\/div><\/div><!-- .post_content  --><\/div><!-- .child_page-container --><\/div><!-- #child_page-339\" -->\n<\/div>\n","protected":false},"excerpt":{"rendered":"","protected":false},"author":1,"featured_media":0,"parent":0,"menu_order":0,"comment_status":"closed","ping_status":"closed","template":"","meta":[],"_links":{"self":[{"href":"https:\/\/aemarvao.edu.gov.pt\/site\/wp-json\/wp\/v2\/pages\/257"}],"collection":[{"href":"https:\/\/aemarvao.edu.gov.pt\/site\/wp-json\/wp\/v2\/pages"}],"about":[{"href":"https:\/\/aemarvao.edu.gov.pt\/site\/wp-json\/wp\/v2\/types\/page"}],"author":[{"embeddable":true,"href":"https:\/\/aemarvao.edu.gov.pt\/site\/wp-json\/wp\/v2\/users\/1"}],"replies":[{"embeddable":true,"href":"https:\/\/aemarvao.edu.gov.pt\/site\/wp-json\/wp\/v2\/comments?post=257"}],"version-history":[{"count":2,"href":"https:\/\/aemarvao.edu.gov.pt\/site\/wp-json\/wp\/v2\/pages\/257\/revisions"}],"predecessor-version":[{"id":318,"href":"https:\/\/aemarvao.edu.gov.pt\/site\/wp-json\/wp\/v2\/pages\/257\/revisions\/318"}],"wp:attachment":[{"href":"https:\/\/aemarvao.edu.gov.pt\/site\/wp-json\/wp\/v2\/media?parent=257"}],"curies":[{"name":"wp","href":"https:\/\/api.w.org\/{rel}","templated":true}]}}

<div class="child_pages child_pages-thumbnail">
<div id="child_page-314" class="child_page" style="width:100%;max-width:100%;"><div class="child_page-container"><div class="post_thumb"><a href="https://aemarvao.edu.gov.pt/site/estruturas/conselho-geral/"></a></div><div class="post_content"><h4><a href="https://aemarvao.edu.gov.pt/site/estruturas/conselho-geral/">Conselho Geral</a></h4><div class="post_excerpt">Constituição do Conselho Geral em 2025/2026</div></div><!-- .post_content  --></div><!-- .child_page-container --></div><!-- #child_page-314" -->

<div id="child_page-319" class="child_page" style="width:100%;max-width:100%;"><div class="child_page-container"><div class="post_thumb"><a href="https://aemarvao.edu.gov.pt/site/estruturas/direcao/"></a></div><div class="post_content"><h4><a href="https://aemarvao.edu.gov.pt/site/estruturas/direcao/">Direção</a></h4><div class="post_excerpt"></div></div><!-- .post_content  --></div><!-- .child_page-container --></div><!-- #child_page-319" -->

<div id="child_page-323" class="child_page" style="width:100%;max-width:100%;"><div class="child_page-container"><div class="post_thumb"><a href="https://aemarvao.edu.gov.pt/site/estruturas/conselho-pedagogico/"></a></div><div class="post_content"><h4><a href="https://aemarvao.edu.gov.pt/site/estruturas/conselho-pedagogico/">Conselho Pedagógico</a></h4><div class="post_excerpt"></div></div><!-- .post_content  --></div><!-- .child_page-container --></div><!-- #child_page-323" -->

<div id="child_page-327" class="child_page" style="width:100%;max-width:100%;"><div class="child_page-container"><div class="post_thumb"><a href="https://aemarvao.edu.gov.pt/site/estruturas/conselho-administrativo/"></a></div><div class="post_content"><h4><a href="https://aemarvao.edu.gov.pt/site/estruturas/conselho-administrativo/">Conselho Administrativo</a></h4><div class="post_excerpt"></div></div><!-- .post_content  --></div><!-- .child_page-container --></div><!-- #child_page-327" -->

<div id="child_page-331" class="child_page" style="width:100%;max-width:100%;"><div class="child_page-container"><div class="post_thumb"><a href="https://aemarvao.edu.gov.pt/site/estruturas/diretores-de-turma/"></a></div><div class="post_content"><h4><a href="https://aemarvao.edu.gov.pt/site/estruturas/diretores-de-turma/">Diretores de Turma</a></h4><div class="post_excerpt">Ano letivo 2025/2026 TURMA N.º Alunos Sala DIRETOR DE TURMA   Pré 1 19 anexo Maria Ana Caldeira Pré 2 13 Sala 3 Teresa Reis E.B. Dr. Manuel Magro Machado – SAA Pré 3 13 Sala 5 Cidália Servo E.B. Dr. Manuel Magro Machado – SAA 1.º/4.º Anos 19 Sala 7 Maria Helena Ventura E.B. &hellip; <p class="link-more"><a href="https://aemarvao.edu.gov.pt/site/estruturas/diretores-de-turma/" class="more-link">Continuar a ler <span class="screen-reader-text">"Diretores de Turma"</span></a></p></div></div><!-- .post_content  --></div><!-- .child_page-container --></div><!-- #child_page-331" -->

<div id="child_page-335" class="child_page" style="width:100%;max-width:100%;"><div class="child_page-container"><div class="post_thumb"><a href="https://aemarvao.edu.gov.pt/site/estruturas/s-a-d-d-c-p/"></a></div><div class="post_content"><h4><a href="https://aemarvao.edu.gov.pt/site/estruturas/s-a-d-d-c-p/">S.A.D.D.C.P.</a></h4><div class="post_excerpt">Referente ao ano de 2025/2026 Diretor do Agrupamento Filipe Miguel Meira Gonçalves (Direção) Coordenadora Dep. Pré-Escolar Maria Ana Caldeira Coordenadora Dep. 1.º Ciclo Berta Polido Coordenadora Dep. Mat. e Ciências Experimentais Carla Cordeiro Coordenadora Dep. Expressões Paula Rocha</div></div><!-- .post_content  --></div><!-- .child_page-container --></div><!-- #child_page-335" -->

<div id="child_page-339" class="child_page" style="width:100%;max-width:100%;"><div class="child_page-container"><div class="post_thumb"><a href="https://aemarvao.edu.gov.pt/site/estruturas/biblioteca/"></a></div><div class="post_content"><h4><a href="https://aemarvao.edu.gov.pt/site/estruturas/biblioteca/">Biblioteca</a></h4><div class="post_excerpt">Blogue Novo Blogue Antigo Facebook A Biblioteca é uma unidade científico-pedagógica, constituída por um conjunto de recursos físicos e humanos. Inserida no Programa Nacional da Rede de Bibliotecas Escolares, desenvolve trabalho de âmbito informativo, cultural e recreativo. Horário de Funcionamento EB de AMMAIA &#8211; Portagem Horário: 9h00 às 16h00   EB Dr. MANUEL MAGRO MACHADO &hellip; <p class="link-more"><a href="https://aemarvao.edu.gov.pt/site/estruturas/biblioteca/" class="more-link">Continuar a ler <span class="screen-reader-text">"Biblioteca"</span></a></p></div></div><!-- .post_content  --></div><!-- .child_page-container --></div><!-- #child_page-339" -->
</div>
