{"id":229,"date":"2017-03-16T15:06:34","date_gmt":"2017-03-16T15:06:34","guid":{"rendered":"http:\/\/www.aemarvao.pt\/site\/?page_id=229"},"modified":"2021-09-21T10:40:02","modified_gmt":"2021-09-21T10:40:02","slug":"regulamento-de-visitas-de-estudo","status":"publish","type":"page","link":"https:\/\/aemarvao.edu.gov.pt\/site\/documentos-estruturantes\/regulamento-de-visitas-de-estudo\/","title":{"rendered":"Regulamento de Visitas de Estudo"},"content":{"rendered":"<p><strong><a href=\"https:\/\/aemarvao.edu.gov.pt\/site\/wp-content\/uploads\/2017\/03\/Regulamento_de_Visitas_de_Estudo.pdf\" target=\"_blank\" rel=\"noopener noreferrer\"><strong>Regulamento de Visitas de Estudo para consulta<\/strong><\/a><\/strong><\/p>\n<p align=\"justify\">O Regulamento de Visitas de Estudo estabelece as normas relativas \u00e0 operacionaliza\u00e7\u00e3o de uma atividade curricular que, pela sua especificidade, est\u00e1 sujeita a procedimentos espec\u00edficos, desde a sua prepara\u00e7\u00e3o at\u00e9 \u00e0 sua implementa\u00e7\u00e3o.<\/p>\n","protected":false},"excerpt":{"rendered":"<p>Regulamento de Visitas de Estudo para consulta O Regulamento de Visitas de Estudo estabelece as normas relativas \u00e0 operacionaliza\u00e7\u00e3o de uma atividade curricular que, pela sua especificidade, est\u00e1 sujeita a procedimentos espec\u00edficos, desde a sua prepara\u00e7\u00e3o at\u00e9 \u00e0 sua implementa\u00e7\u00e3o.<\/p>\n","protected":false},"author":1,"featured_media":0,"parent":165,"menu_order":0,"comment_status":"closed","ping_status":"closed","template":"","meta":[],"_links":{"self":[{"href":"https:\/\/aemarvao.edu.gov.pt\/site\/wp-json\/wp\/v2\/pages\/229"}],"collection":[{"href":"https:\/\/aemarvao.edu.gov.pt\/site\/wp-json\/wp\/v2\/pages"}],"about":[{"href":"https:\/\/aemarvao.edu.gov.pt\/site\/wp-json\/wp\/v2\/types\/page"}],"author":[{"embeddable":true,"href":"https:\/\/aemarvao.edu.gov.pt\/site\/wp-json\/wp\/v2\/users\/1"}],"replies":[{"embeddable":true,"href":"https:\/\/aemarvao.edu.gov.pt\/site\/wp-json\/wp\/v2\/comments?post=229"}],"version-history":[{"count":7,"href":"https:\/\/aemarvao.edu.gov.pt\/site\/wp-json\/wp\/v2\/pages\/229\/revisions"}],"predecessor-version":[{"id":3125,"href":"https:\/\/aemarvao.edu.gov.pt\/site\/wp-json\/wp\/v2\/pages\/229\/revisions\/3125"}],"up":[{"embeddable":true,"href":"https:\/\/aemarvao.edu.gov.pt\/site\/wp-json\/wp\/v2\/pages\/165"}],"wp:attachment":[{"href":"https:\/\/aemarvao.edu.gov.pt\/site\/wp-json\/wp\/v2\/media?parent=229"}],"curies":[{"name":"wp","href":"https:\/\/api.w.org\/{rel}","templated":true}]}}