{"id":194,"date":"2017-03-16T12:38:49","date_gmt":"2017-03-16T12:38:49","guid":{"rendered":"http:\/\/www.aemarvao.pt\/site\/?page_id=194"},"modified":"2025-09-24T13:44:05","modified_gmt":"2025-09-24T13:44:05","slug":"matrizes-curriculares","status":"publish","type":"page","link":"https:\/\/aemarvao.edu.gov.pt\/site\/documentos-estruturantes\/matrizes-curriculares\/","title":{"rendered":"Matrizes Curriculares"},"content":{"rendered":"<p><a href=\"https:\/\/aemarvao.edu.gov.pt\/site\/wp-content\/uploads\/2025\/09\/Matrizes-Curriculares_2025-26.pdf\" target=\"_blank\" rel=\"noopener noreferrer\"><strong>Matrizes Curriculares para consulta<\/strong><\/a><\/p>\n<p align=\"justify\">As matrizes curriculares definem a carga hor\u00e1ria semanal das diferentes componentes do curr\u00edculo nos diversos ciclos de ensino de cada Agrupamento ou Escola n\u00e3o Agrupada, tanto das \u00e1reas disciplinares de frequ\u00eancia obrigat\u00f3ria, como das \u00e1reas n\u00e3o disciplinares quer, ainda, das disciplinas de frequ\u00eancia facultativa.<\/p>\n<p align=\"justify\">No \u00e2mbito da sua autonomia, as escolas t\u00eam liberdade de organizar os tempos letivos na unidade que considerem mais conveniente desde que respeitem as cargas hor\u00e1rias semanais constantes em Decreto-Lei.<\/p>\n","protected":false},"excerpt":{"rendered":"<p>Matrizes Curriculares para consulta As matrizes curriculares definem a carga hor\u00e1ria semanal das diferentes componentes do curr\u00edculo nos diversos ciclos de ensino de cada Agrupamento ou Escola n\u00e3o Agrupada, tanto das \u00e1reas disciplinares de frequ\u00eancia obrigat\u00f3ria, como das \u00e1reas n\u00e3o disciplinares quer, ainda, das disciplinas de frequ\u00eancia facultativa. No \u00e2mbito da sua autonomia, as escolas &hellip; <\/p>\n<p class=\"link-more\"><a href=\"https:\/\/aemarvao.edu.gov.pt\/site\/documentos-estruturantes\/matrizes-curriculares\/\" class=\"more-link\">Continuar a ler <span class=\"screen-reader-text\">&#8220;Matrizes Curriculares&#8221;<\/span><\/a><\/p>\n","protected":false},"author":1,"featured_media":0,"parent":165,"menu_order":0,"comment_status":"closed","ping_status":"closed","template":"","meta":[],"_links":{"self":[{"href":"https:\/\/aemarvao.edu.gov.pt\/site\/wp-json\/wp\/v2\/pages\/194"}],"collection":[{"href":"https:\/\/aemarvao.edu.gov.pt\/site\/wp-json\/wp\/v2\/pages"}],"about":[{"href":"https:\/\/aemarvao.edu.gov.pt\/site\/wp-json\/wp\/v2\/types\/page"}],"author":[{"embeddable":true,"href":"https:\/\/aemarvao.edu.gov.pt\/site\/wp-json\/wp\/v2\/users\/1"}],"replies":[{"embeddable":true,"href":"https:\/\/aemarvao.edu.gov.pt\/site\/wp-json\/wp\/v2\/comments?post=194"}],"version-history":[{"count":11,"href":"https:\/\/aemarvao.edu.gov.pt\/site\/wp-json\/wp\/v2\/pages\/194\/revisions"}],"predecessor-version":[{"id":5296,"href":"https:\/\/aemarvao.edu.gov.pt\/site\/wp-json\/wp\/v2\/pages\/194\/revisions\/5296"}],"up":[{"embeddable":true,"href":"https:\/\/aemarvao.edu.gov.pt\/site\/wp-json\/wp\/v2\/pages\/165"}],"wp:attachment":[{"href":"https:\/\/aemarvao.edu.gov.pt\/site\/wp-json\/wp\/v2\/media?parent=194"}],"curies":[{"name":"wp","href":"https:\/\/api.w.org\/{rel}","templated":true}]}}

<p><a href="https://aemarvao.edu.gov.pt/site/wp-content/uploads/2025/09/Matrizes-Curriculares_2025-26.pdf" target="_blank" rel="noopener noreferrer"><strong>Matrizes Curriculares para consulta</strong></a></p>
<p align="justify">As matrizes curriculares definem a carga horária semanal das diferentes componentes do currículo nos diversos ciclos de ensino de cada Agrupamento ou Escola não Agrupada, tanto das áreas disciplinares de frequência obrigatória, como das áreas não disciplinares quer, ainda, das disciplinas de frequência facultativa.</p>
<p align="justify">No âmbito da sua autonomia, as escolas têm liberdade de organizar os tempos letivos na unidade que considerem mais conveniente desde que respeitem as cargas horárias semanais constantes em Decreto-Lei.</p>

<p>Matrizes Curriculares para consulta As matrizes curriculares definem a carga horária semanal das diferentes componentes do currículo nos diversos ciclos de ensino de cada Agrupamento ou Escola não Agrupada, tanto das áreas disciplinares de frequência obrigatória, como das áreas não disciplinares quer, ainda, das disciplinas de frequência facultativa. No âmbito da sua autonomia, as escolas &hellip; </p>
<p class="link-more"><a href="https://aemarvao.edu.gov.pt/site/documentos-estruturantes/matrizes-curriculares/" class="more-link">Continuar a ler <span class="screen-reader-text">&#8220;Matrizes Curriculares&#8221;</span></a></p>
