{"id":1568,"date":"2019-03-19T14:00:12","date_gmt":"2019-03-19T14:00:12","guid":{"rendered":"http:\/\/www.aemarvao.pt\/site\/?page_id=1568"},"modified":"2026-03-10T10:23:25","modified_gmt":"2026-03-10T10:23:25","slug":"provas-de-avaliacao-externa","status":"publish","type":"page","link":"https:\/\/aemarvao.edu.gov.pt\/site\/provas-de-avaliacao-externa\/","title":{"rendered":"Provas de avalia\u00e7\u00e3o externa"},"content":{"rendered":"<p style=\"text-align: justify;\">A conce\u00e7\u00e3o das provas de avalia\u00e7\u00e3o externa para o ano letivo de 2025\/2026 \u00e9 da responsabilidade do IAVE, I.P. , de acordo com a legisla\u00e7\u00e3o em vigor.<\/p>\n","protected":false},"excerpt":{"rendered":"<p>A conce\u00e7\u00e3o das provas de avalia\u00e7\u00e3o externa para o ano letivo de 2025\/2026 \u00e9 da responsabilidade do IAVE, I.P. , de acordo com a legisla\u00e7\u00e3o em vigor.<\/p>\n","protected":false},"author":1,"featured_media":0,"parent":0,"menu_order":0,"comment_status":"closed","ping_status":"closed","template":"","meta":[],"_links":{"self":[{"href":"https:\/\/aemarvao.edu.gov.pt\/site\/wp-json\/wp\/v2\/pages\/1568"}],"collection":[{"href":"https:\/\/aemarvao.edu.gov.pt\/site\/wp-json\/wp\/v2\/pages"}],"about":[{"href":"https:\/\/aemarvao.edu.gov.pt\/site\/wp-json\/wp\/v2\/types\/page"}],"author":[{"embeddable":true,"href":"https:\/\/aemarvao.edu.gov.pt\/site\/wp-json\/wp\/v2\/users\/1"}],"replies":[{"embeddable":true,"href":"https:\/\/aemarvao.edu.gov.pt\/site\/wp-json\/wp\/v2\/comments?post=1568"}],"version-history":[{"count":5,"href":"https:\/\/aemarvao.edu.gov.pt\/site\/wp-json\/wp\/v2\/pages\/1568\/revisions"}],"predecessor-version":[{"id":5598,"href":"https:\/\/aemarvao.edu.gov.pt\/site\/wp-json\/wp\/v2\/pages\/1568\/revisions\/5598"}],"wp:attachment":[{"href":"https:\/\/aemarvao.edu.gov.pt\/site\/wp-json\/wp\/v2\/media?parent=1568"}],"curies":[{"name":"wp","href":"https:\/\/api.w.org\/{rel}","templated":true}]}}

Provas de avaliação externa

<p style="text-align: justify;">A conceção das provas de avaliação externa para o ano letivo de 2025/2026 é da responsabilidade do IAVE, I.P. , de acordo com a legislação em vigor.</p>

<p>A conceção das provas de avaliação externa para o ano letivo de 2025/2026 é da responsabilidade do IAVE, I.P. , de acordo com a legislação em vigor.</p>
